{"id":51221,"date":"2025-09-06T19:26:10","date_gmt":"2025-09-06T11:26:10","guid":{"rendered":"https:\/\/www.om-macau.org\/?page_id=51221"},"modified":"2025-09-06T19:26:10","modified_gmt":"2025-09-06T11:26:10","slug":"ayako-tanaka","status":"publish","type":"page","link":"https:\/\/www.om-macau.org\/pt-pt\/ayako-tanaka\/","title":{"rendered":"Co-Concertino Convidado Principal | Ayako Tanaka"},"content":{"rendered":"<p>[vc_row][vc_column][vc_single_image image=&#8221;51193&#8243; img_size=&#8221;large&#8221; alignment=&#8221;center&#8221;][vc_column_text]<\/p>\n<p style=\"text-align: justify;\"><span style=\"font-weight: 400; color: #ffffff;\">Ayako Tanaka nasceu em Osaka, Jap\u00e3o, e recebeu a sua forma\u00e7\u00e3o musical inicial na tradi\u00e7\u00e3o h\u00fangara.<\/span><\/p>\n<p style=\"text-align: justify;\"><span style=\"font-weight: 400; color: #ffffff;\">Violinista altamente conceituada, \u00e9 concertino da Orchestre National de Lille desde 2017.<\/span><\/p>\n<p style=\"text-align: justify;\"><span style=\"font-weight: 400; color: #ffffff;\">Em 2024, integrou o Strada Quartet, actuando ao lado de Pierre Fouchenneret, Lise Berthaud e Fran\u00e7ois Salque.<\/span><\/p>\n<p style=\"text-align: justify;\"><span style=\"font-weight: 400; color: #ffffff;\">De 2009 a 2017, Ayako foi concertino assistente da Orchestre Philharmonique de Radio-France sob a direc\u00e7\u00e3o de Myung-Whun Chung. Actualmente, lecciona no Conservatoire National Sup\u00e9rieur de Musique de Paris e no Conservat\u00f3rio Real de Bruxelas.<\/span><\/p>\n<p style=\"text-align: justify;\"><span style=\"font-weight: 400; color: #ffffff;\">Ayako recebeu diversos pr\u00e9mios, incluindo o segundo pr\u00e9mio no Concurso de Wakayama, o primeiro pr\u00e9mio no Concurso de Osaka, al\u00e9m de ter sido laureada no Concurso de Solistas do Jap\u00e3o.<\/span><\/p>\n<p style=\"text-align: justify;\"><span style=\"font-weight: 400; color: #ffffff;\">Estudou com Tibor Varga na Europa e, mais tarde, ingressou no Conservatoire National Sup\u00e9rieur de Musique de Lyon (na classe do Professor Peter Csaba), onde se formou com as mais altas distin\u00e7\u00f5es.<\/span><\/p>\n<p style=\"text-align: justify;\"><span style=\"font-weight: 400; color: #ffffff;\">Em 1995, venceu o Concurso Internacional Rovere d\u2019Oro. Entre 1997 e 2007, foi a primeira violinista do Quarteto Psophos, que alcan\u00e7ou grande reconhecimento internacional. O grupo venceu pr\u00e9mios em concursos em Londres, Osaka, Floren\u00e7a, Salzburgo e Bord\u00e9us, tendo realizado mais de 800 concertos em todo o mundo.<\/span><\/p>\n<p style=\"text-align: justify;\"><span style=\"font-weight: 400; color: #ffffff;\">Ayako integrou tamb\u00e9m o Quarteto Orf\u00e9o entre 2007 e 2011. Dedica-se \u00e0 m\u00fasica de c\u00e2mara, colaborando com diversos artistas e ensembles de renome internacional.<\/span><\/p>\n<p style=\"text-align: justify;\"><span style=\"font-weight: 400; color: #ffffff;\">Desde 2006, toca num violino Niccol\u00f2 Amati de 1628, gentilmente emprestado por dois benem\u00e9ritos an\u00f3nimos.<\/span><\/p>\n<p>[\/vc_column_text][\/vc_column][\/vc_row]<\/p>\n","protected":false},"excerpt":{"rendered":"<p>[vc_row][vc_column][vc_single_image image=&#8221;51193&#8243; img_size=&#8221;large&#8221; alignment=&#8221;center&#8221;][vc_column_text] Ayako Tanaka nasceu em Osaka, Jap\u00e3o, e recebeu a sua forma\u00e7\u00e3o musical inicial na tradi\u00e7\u00e3o h\u00fangara. &hellip; <a href=\"https:\/\/www.om-macau.org\/pt-pt\/ayako-tanaka\/\" class=\"more-link\">Continuar a ler<span class=\"screen-reader-text\"> &#8220;Co-Concertino Convidado Principal | Ayako Tanaka&#8221;<\/span><\/a><\/p>\n","protected":false},"author":2,"featured_media":0,"parent":0,"menu_order":0,"comment_status":"closed","ping_status":"closed","template":"page_general.php","meta":{"_acf_changed":false,"footnotes":""},"class_list":["post-51221","page","type-page","status-publish","hentry"],"acf":[],"_links":{"self":[{"href":"https:\/\/www.om-macau.org\/pt-pt\/wp-json\/wp\/v2\/pages\/51221","targetHints":{"allow":["GET"]}}],"collection":[{"href":"https:\/\/www.om-macau.org\/pt-pt\/wp-json\/wp\/v2\/pages"}],"about":[{"href":"https:\/\/www.om-macau.org\/pt-pt\/wp-json\/wp\/v2\/types\/page"}],"author":[{"embeddable":true,"href":"https:\/\/www.om-macau.org\/pt-pt\/wp-json\/wp\/v2\/users\/2"}],"replies":[{"embeddable":true,"href":"https:\/\/www.om-macau.org\/pt-pt\/wp-json\/wp\/v2\/comments?post=51221"}],"version-history":[{"count":1,"href":"https:\/\/www.om-macau.org\/pt-pt\/wp-json\/wp\/v2\/pages\/51221\/revisions"}],"predecessor-version":[{"id":51222,"href":"https:\/\/www.om-macau.org\/pt-pt\/wp-json\/wp\/v2\/pages\/51221\/revisions\/51222"}],"wp:attachment":[{"href":"https:\/\/www.om-macau.org\/pt-pt\/wp-json\/wp\/v2\/media?parent=51221"}],"curies":[{"name":"wp","href":"https:\/\/api.w.org\/{rel}","templated":true}]}}

<p>[vc_row][vc_column][vc_single_image image=&#8221;51193&#8243; img_size=&#8221;large&#8221; alignment=&#8221;center&#8221;][vc_column_text]</p>
<p style="text-align: justify;"><span style="font-weight: 400; color: #ffffff;">Ayako Tanaka nasceu em Osaka, Japão, e recebeu a sua formação musical inicial na tradição húngara.</span></p>
<p style="text-align: justify;"><span style="font-weight: 400; color: #ffffff;">Violinista altamente conceituada, é concertino da Orchestre National de Lille desde 2017.</span></p>
<p style="text-align: justify;"><span style="font-weight: 400; color: #ffffff;">Em 2024, integrou o Strada Quartet, actuando ao lado de Pierre Fouchenneret, Lise Berthaud e François Salque.</span></p>
<p style="text-align: justify;"><span style="font-weight: 400; color: #ffffff;">De 2009 a 2017, Ayako foi concertino assistente da Orchestre Philharmonique de Radio-France sob a direcção de Myung-Whun Chung. Actualmente, lecciona no Conservatoire National Supérieur de Musique de Paris e no Conservatório Real de Bruxelas.</span></p>
<p style="text-align: justify;"><span style="font-weight: 400; color: #ffffff;">Ayako recebeu diversos prémios, incluindo o segundo prémio no Concurso de Wakayama, o primeiro prémio no Concurso de Osaka, além de ter sido laureada no Concurso de Solistas do Japão.</span></p>
<p style="text-align: justify;"><span style="font-weight: 400; color: #ffffff;">Estudou com Tibor Varga na Europa e, mais tarde, ingressou no Conservatoire National Supérieur de Musique de Lyon (na classe do Professor Peter Csaba), onde se formou com as mais altas distinções.</span></p>
<p style="text-align: justify;"><span style="font-weight: 400; color: #ffffff;">Em 1995, venceu o Concurso Internacional Rovere d’Oro. Entre 1997 e 2007, foi a primeira violinista do Quarteto Psophos, que alcançou grande reconhecimento internacional. O grupo venceu prémios em concursos em Londres, Osaka, Florença, Salzburgo e Bordéus, tendo realizado mais de 800 concertos em todo o mundo.</span></p>
<p style="text-align: justify;"><span style="font-weight: 400; color: #ffffff;">Ayako integrou também o Quarteto Orféo entre 2007 e 2011. Dedica-se à música de câmara, colaborando com diversos artistas e ensembles de renome internacional.</span></p>
<p style="text-align: justify;"><span style="font-weight: 400; color: #ffffff;">Desde 2006, toca num violino Niccolò Amati de 1628, gentilmente emprestado por dois beneméritos anónimos.</span></p>
<p>[/vc_column_text][/vc_column][/vc_row]</p>

<p>[vc_row][vc_column][vc_single_image image=&#8221;51193&#8243; img_size=&#8221;large&#8221; alignment=&#8221;center&#8221;][vc_column_text] Ayako Tanaka nasceu em Osaka, Japão, e recebeu a sua formação musical inicial na tradição húngara. &hellip; <a href="https://www.om-macau.org/pt-pt/ayako-tanaka/" class="more-link">Continuar a ler<span class="screen-reader-text"> &#8220;Co-Concertino Convidado Principal | Ayako Tanaka&#8221;</span></a></p>
